e f(v).
-8
Let g(y) = y**2 + 10*y + 9. Suppose -r + 20 = 4*r - 5*x, 5*x = 3*r - 12. Suppose -q - 5*l - 15 = 0, r*q + 2*l + 47 = 5. Determine g(q).
9
Let d = -10696 + 10704. Let j(l) = l**3 - 7*l**2 - 9*l - 8. Calculate j(d).
-16
Let h(d) = -9*d**2 - 11*d + 2. Let w(o) = -5*o**2 - 6*o + 1. Let p(n) = 6*h(n) - 11*w(n). Let m(f) = 4 - 21*f - 22*f - 6 + 49*f. Let c be m(1). Calculate p(c).
17
Suppose 0 = -0*n + 3*n, 2*u + 6 = -n. Let r be 56/((-32)/(-4)) + u. Let c(m) = -m**3 + 5*m**2 - 2*m - 1. What is c(r)?
7
Let w(h) = 4*h. Let y(f) = -39 + 3*f - 11*f + 15*f. Let p be y(6). Determine w(p).
12
Suppose h - 13 = 3*q + q, 0 = 4*q + 4*h + 28. Let n be 156/(q/(-10)*5). Let p be n/(-10) - (-20)/25. Let r(b) = b**3 + 6*b**2 - 6*b + 10. Calculate r(p).
3
Let n(m) = -7 + 2 + 802*m - 4 - 817*m - 7. Give n(-6).
74
Let c(k) = 5*k**2 + 7*k - 7. Let r be c(1). Let x(g) = 8*g - 46. What is x(r)?
-6
Suppose -2*w - 70 = -4*x + 36, -5*w = -4*x + 103. Suppose 24*h = x*h - 3. Let c(q) = -4*q + 1. What is c(h)?
-3
Let n(x) = x - 12. Suppose 5*l - 131*v = -135*v + 145, 0 = 2*v + 10. Give n(l).
21
Let c(x) = 3*x**2 + 257*x + 418. Let p be c(-84). Let k(u) = 4*u - 1 + 0*u - 1. What is k(p)?
-10
Let q(c) = -c**3 - 2*c**2 + 2*c + 18. Let s = -225 - -208. Let t(d) = -3*d**3 - 7*d**2 + 5*d + 53. Let a(l) = s*q(l) + 6*t(l). What is a(-7)?
-9
Let p(x) = -x**3 - 3*x**2 - x + 25. Suppose 4*m + 608 = -5*q + 584, 30 = -q - 5*m. What is p(q)?
25
Let f(z) = -3*z**3 - 17*z**2 - 18*z + 25. Let a(x) = 7*x**3 + 35*x**2 + 37*x - 53. Let c(w) = -2*a(w) - 5*f(w). What is c(-14)?
-47
Let u = -10935 + 10952. Let b(f) = f**3 - 16*f**2 - 19*f + 43. Give b(u).
9
Let h = 207 + -205. Let u(t) = -10*t + 7*t + h + 2*t + 6. Calculate u(11).
-3
Suppose 20*f + 7 = 21*f. Let w(u) = 4*u + 20 - 10 - f. Let o = 2 + 1. What is w(o)?
15
Let n(l) = -2*l - 9. Let s(w) = -3*w**2 - 3*w + 11. Let g be s(-6). Let m = -16 - g. Suppose -f + m = -10*f. Give n(f).
5
Let p(k) = -14*k**2 - 46*k - 133. Let m(o) = -15*o**2 - 45*o - 135. Let l(r) = -12*m(r) + 13*p(r). Calculate l(-27).
-1
Let d(o) = o**2 - 5*o - 3. Let w = 7 - 3. Suppose 258 = 5*f - h + 229, -4*f = -3*h - 21. Let n be 3 + (-6 - -8)*f/w. Determine d(n).
3
Let p(c) = 2*c - 1. Suppose -2*h + 8 = 4*b - 0, 0 = b + h. Suppose b*q - 3*t - 11 = 0, -2*t + 32 = 4*q + 2*t. Suppose q = -9*f + 4*f. What is p(f)?
-3
Suppose 2*o - 3 = 5. Let b(i) = i**2 - 5*i. Let h be b(o). Let w(k) = 201*k**2 - 4*k - 322 + 327 - k**3 - 206*k**2. Determine w(h).
5
Let v(d) = 9*d**2 - 30*d + 19. Let g be v(2). Let u(y) = y**3 + 6*y**2 + 6*y + 2. Give u(g).
-3
Let y be 8996/156 + (-2)/3. Suppose -13*t + 73 + y = 0. Let r(g) = g**2 - 10*g - 1. What is r(t)?
-1
Let d = -8 + 13. Let w(j) = -j**3 + 7*j**2 - 8*j + 14. Let m be w(6). Let k(z) = 6 + z**3 - z - 5*z**m + 0 - 3 + 3. Determine k(d).
1
Let a(m) be the third derivative of -m**6/120 + m**5/60 - m**4/24 + 5*m**3/6 + 24*m**2 - 5. Let z(h) = -3*h - 5. Let l be z(-5). Let w be 2/l - 4/20. Give a(w).
5
Let w = 6088 - 6091. Let m(v) = 13*v + 37. Calculate m(w).
-2
Let o(b) = b**3 - 7*b**2 + 6*b - 3. Let x be 0/(-2) - 90/(-2). Suppose -x*u = -31*u - 84. What is o(u)?
-3
Let l(s) = -2*s + 4. Let m be l(4). Let u(a) = 30 - 4*a**2 - 31 - a**3 - 2. Calculate u(m).
-3
Let r = -32 + 38. Let y(m) = -8 - 2 + 2*m - 3*m + r. Calculate y(-10).
6
Let s(k) be the third derivative of 5*k**4/24 - k**3 - 3*k**2 - 13*k. Let w be s(2). Let f(j) = -11*j - 10*j + 5 - j**2 + 25*j. What is f(w)?
5
Let n(z) = 14*z**3 + 13*z + 9*z**2 - 2*z - 25 - 5*z**3 - 10*z**3. Calculate n(10).
-15
Let l(p) = 3*p**2 + 8*p + 430. Let y(g) = g**2 + 5*g + 144. Let c(v) = 3*l(v) - 10*y(v). Give c(-8).
-6
Let k(a) be the third derivative of 5*a**4/24 - a**3/3 + 1832*a**2. Give k(-1).
-7
Let m be -1 + (0 - -6) + -1. Let k(x) = 2*x - 8*x**2 + x**2 + 47*x**3 + m - 46*x**3. Determine k(7).
18
Let q = -954 - -927. Let h(x) = x**2 + 27*x - 9. Give h(q).
-9
Let i(h) = 13 + 34*h + 15*h**2 - 148*h**3 + 72*h**3 + 75*h**3. Calculate i(17).
13
Let l(m) be the second derivative of 5*m**3/6 - 121*m**2/2 + 131*m. Let j be l(26). Let g(d) = -d**2 + 8*d - 9. Give g(j).
-18
Suppose -3*d + 5*x = -24, 4*d = 110*x - 114*x. Let u(l) = 10*l - 4. Determine u(d).
26
Suppose -143*l = -47*l - 192. Let r(n) = -2*n**2 + 7 + 4 - 9 + 2*n. Determine r(l).
-2
Let v(f) be the first derivative of -f**5/30 + 13*f**4/24 - 8*f**3/3 - 3*f - 99. Let y(a) be the third derivative of v(a). What is y(3)?
1
Let s(y) = y**3 - y**2 - 4*y + 3. Let k = 10 - 20. Let q be 30/75 + (-36)/k. Suppose -q = n - 7. Determine s(n).
9
Let d(v) be the second derivative of v**4/12 + 5*v**3/2 - 39*v**2 - 2030*v. Give d(-19).
-2
Suppose 17*z = z + 4496. Suppose 2*y - z = -275. Let k(j) = -j**3 + j**2 + 4*j - 1. What is k(y)?
-7
Let r(p) be the third derivative of -p**4/24 + 5*p**3/6 - 21*p**2 + 81*p. Let i(y) = 3*y - 3. Let d be i(6). Suppose -4*l + 9 = -d. What is r(l)?
-1
Let w(q) = 8 - 3 + 58*q - 135*q - 4. What is w(-1)?
78
Suppose -5*w = 61 - 11. Let f(y) = 3180*y + 35. Let h(q) = 2386*q + 35. Let d(z) = -3*f(z) + 4*h(z). What is d(w)?
-5
Suppose 23*p - 239 - 658 = 0. Let m(r) = -5 + p*r**2 - 2*r**3 - 41*r**2 + 3 + 2*r. What is m(2)?
-22
Let r(v) be the first derivative of v**3/3 - 7*v**2/2 - 33*v + 622. Give r(10).
-3
Let r(y) = -2*y - 1. Let z be r(5). Let a(m) = -113*m + 13. Let g(q) = -38*q - 1. Let x(d) = a(d) - 3*g(d). Give x(z).
5
Let n(y) be the first derivative of -y**5/20 - y**4/2 - y**3 + y**2 + 64*y - 78. Let o(z) be the first derivative of n(z). What is o(-5)?
7
Let t(z) = -41*z**3 + 42*z**2 + 69*z - 71. Let m(p) = 15*p**3 - 14*p**2 - 23*p + 24. Let v(g) = 11*m(g) + 4*t(g). What is v(-12)?
-8
Let o(y) = -y**3 - 6*y**2 + 4*y - 10. Let z(v) = v**3 + 6*v**2 - 4*v + 8. Let s(m) = 5*o(m) + 6*z(m). Suppose 10 = -n + 6*n. Suppose -5 = l + n. What is s(l)?
-23
Let d(a) = -a**3 - 15*a**2 - 29*a - 16. Let k be d(-13). Suppose -4*g + b = k, -5*g + b = -4*b + 25. Let r(f) = 2*f + 6. Give r(g).
-6
Let a(t) = -3*t**3 - 658*t**2 + 153*t + 73. Let u(q) = 2*q**3 + 470*q**2 - 108*q - 52. Let v(l) = -12*a(l) - 17*u(l). What is v(47)?
8
Let f = 586 + -308. Let y(d) = 2 - 1 + f*d - 142*d - 133*d. Calculate y(-7).
-20
Let d(l) be the second derivative of l**4/12 - 7*l**3/2 - 10*l**2 + 1024*l. Give d(22).
2
Let r(f) = -f**2 - f - 216. Let c(p) = -2*p**2 + 3*p - 432. Let v(w) = -6*c(w) + 13*r(w). Calculate v(-20).
4
Let t(g) be the first derivative of -2*g**2 - 47*g + 1173. What is t(-16)?
17
Let v be 21/28 + 3 + (-4)/(-16). Let f(x) = -15*x + 8. Determine f(v).
-52
Let j = 225 - 219. Let s(o) = 9*o - 2. Give s(j).
52
Let m(q) = q - 6. Suppose -4*h - 3*s - 26 = 6, -h + 11 = -4*s. Let d(z) = z - 7. Let g(p) = h*m(p) + 4*d(p). Calculate g(-5).
7
Suppose t - 3 = 5. Let h(l) be the third derivative of l**5/60 - 11*l**4/24 + 7*l**3/6 + 12*l**2 - 17. What is h(t)?
-17
Suppose 12 = -17753*h + 17757*h. Let i(o) = 21*o - 9. Give i(h).
54
Let d(q) be the second derivative of q**3/6 + 4*q**2 - 4282*q. Suppose x = -2 + 8. Suppose z = x*z + 35. Determine d(z).
1
Let m(l) be the second derivative of l**4/12 + 7*l**3/3 - 15*l**2 - 4*l + 9. Let s(z) be the first derivative of m(z). What is s(-11)?
-8
Let x be 3 - 21*2/(-3). Suppose 2*z - 21 = 5*a, z + x + 0 = -3*a. Let h be (24/a)/(-3)*-5. Let i(q) = -q**3 - 9*q**2 - 8*q. What is i(h)?
0
Let k(w) be the first derivative of -2*w + 49 - 1/2*w**2. Suppose -i = i + 14. Determine k(i).
5
Let x(j) = 3*j**3 + 3*j**2 - j - 1. Let w(q) = -q**2 - 154*q + 1989. Let v be w(-166). Determine x(v).
-52
Let w(i) = -i - 3. Suppose -v + 12 = 3*y, 2*v + 16 = 4*y - 0*y. Suppose 0 = x + 342 - 346. Suppose v = -x*f + 6 - 22. Give w(f).
1
Let j(l) = 7*l + 8. Let q(b) = b - 2*b - 6*b - 7. Let a be (-456)/120 - ((-72)/(-160) - 3/12). Let m(i) = a*q(i) - 3*j(i). Determine m(-3).
-17
Let r(i) be the first derivative of 5*i**2/2 - 52*i + 2451. Determine r(12).
8
Let m(x) = -2*x**2 - 18*x + 89. Let s be ((48/33)/1 - -2) + (-90)/(-165). Determine m(s).
-15
Let d(a) = a**2 + 1. Let v(s) = -5*s**2 - 2*s - 5. Let u(h) = 6*d(h) + v(h). Let q(i) = 2*i + 15. Let t be q(-7). Suppose 14 = 5*l - t. Determine u(l).
4
Let b(g) = g**3 - 6*g**2 + 13*g - 20. Let o be b(4). Let f(r) = 706 - 705 + r**3 + 2*r**2 + o*r + 2*r. What is f(-1)?
0
Let o(l) = l**2